ommon factor of a and 2.
2
Suppose -77 = -3*s - 4*p, 0*s - 67 = -3*s + p. Calculate the highest common factor of 299 and s.
23
Suppose 80*u - 75*u = 105. What is the greatest common factor of u and 119?
7
Let u be (-125)/(-15) - 1/3. Suppose -8*h = -5*h - 42. Let d(k) = k**2 - 14*k + 2. Let v be d(h). Calculate the greatest common divisor of v and u.
2
Suppose -4*b = p + 4 + 1, -p + 2*b = -1. Let y(q) = -6*q + 10*q - 11*q - q. Let z be y(p). Calculate the greatest common divisor of 1 and z.
1
Suppose -4*r = a + a - 6, 0 = -4*r - 4*a - 4. Let p(n) = n**3 - 21*n**2 + 20*n + 32. Let l be p(20). Calculate the highest common factor of r and l.
4
Let o = -179 - -184. Calculate the greatest common divisor of o and 80.
5
Suppose -85 = -3*v + p, -3*v + 15 + 58 = 2*p. Let l be -114*3*(-6)/v. What is the greatest common factor of 19 and l?
19
Let j(h) = 6*h + 8. Let c be j(7). Suppose 3*n = -d + 25, 0 = -2*d + 4*n - 0*n + c. Calculate the greatest common divisor of 275 and d.
25
Let p(y) = y**2 + 13*y + 12. Let n be 2/3 - 21/(-9) - 17. Let o be p(n). What is the greatest common factor of o and 26?
26
Suppose 3*o - 460 = 3*i - 1963, i - 3*o - 503 = 0. What is the highest common factor of i and 20?
20
Let w be 200/30 + (-2)/(-6). Suppose -44 = -z + w. Calculate the greatest common factor of z and 357.
51
Let q = 61 - 58. Suppose -q*l = -2*y + 5*y - 54, -55 = -5*l + 2*y. Let r be 4/6 - (-74)/6. Calculate the highest common factor of r and l.
13
Let i(g) = 3*g + 12. Let n(w) = 3*w + 13. Let f(x) = 5*i(x) - 4*n(x). Let o be f(8). What is the highest common factor of 256 and o?
32
Suppose -49*t + 1600 = -39*t. Calculate the highest common divisor of 64 and t.
32
Suppose -j + 0 = -15. Let k = -4 - -16. Let q be (-1)/(k/(-183)) + (-2)/8. What is the greatest common divisor of j and q?
15
Suppose -2*z + 5 - 1 = 0. Suppose 38 = 2*p - z*l, 3*l + 10 = -5. Suppose p*i = 13*i + 165. What is the highest common factor of 33 and i?
33
Let j be (144/(-10))/(9 + (-552)/60). What is the greatest common divisor of j and 396?
36
Let y = 0 - -4. Let j be (2/3)/((-8)/(-36)). Suppose y - 21 = -2*p + z, -4*p = j*z - 39. What is the greatest common factor of 54 and p?
9
Suppose 59*o - 875 = 52*o. Suppose 17 - 167 = -3*u. Calculate the greatest common divisor of o and u.
25
Let l(y) = y**2. Let m(t) = -3*t**2 - 18*t + 13. Let z(o) = -4*l(o) - m(o). Let c be z(13). What is the highest common divisor of c and 26?
26
Let t be (-2 - 96/20)*5/(-2). Calculate the highest common factor of 85 and t.
17
Suppose -4*u + 4012 = 5*k, -2*k + 416 = 4*u - 1184. What is the greatest common divisor of 12 and k?
12
Suppose -x + 5 + 5 = 3*z, 5 = z + 2*x. Suppose z*s - 4*s = 0. Suppose 4*p = -t + 19, t + s*p - 22 = -p. What is the greatest common divisor of t and 115?
23
Let m be -1 + 30/6 + (388 - 0). Calculate the greatest common factor of m and 49.
49
Let v be (-96)/(-16)*2/(-2). Let s(n) = n**3 + 7*n**2 - 2*n + 7. Let y be s(v). Calculate the greatest common factor of y and 22.
11
Suppose -16 + 1 = -5*z. Suppose z*k = 38 + 61. Calculate the highest common divisor of k and 11.
11
Let u be (6/9)/((-36)/(-324)). What is the highest common divisor of 1158 and u?
6
Let z be (8 - 4)*(-3)/(-4). Suppose -2*r + 229 = 3*h, -2*h + z*r + 73 = -84. Calculate the greatest common divisor of h and 11.
11
Suppose -52 = -g - 3*g. Let c(s) = 1 - 39*s + 2 + 7*s - 6*s. Let w be c(-3). What is the greatest common factor of g and w?
13
Let a be 2/6 + (-5808)/(-72). What is the greatest common factor of 27 and a?
27
Suppose 0 = -5*n + 70 + 200. Let g(q) = q + 11. Let s(b) = -3*b - 23. Let i(a) = 5*g(a) + 2*s(a). Let t be i(3). Calculate the highest common factor of n and t.
6
Let l = 131 - 95. What is the greatest common factor of 738 and l?
18
Suppose -m = -u + 25, u + m - 19 = -0*u. Suppose -5*i = -4*t - 30, 4*t + 26 = -0*i + 3*i. Calculate the highest common divisor of i and u.
2
Let n(k) = -10*k**2 - k + 2. Let g be n(1). Let j be (32 - (-4 - g)) + -1 + -1. What is the highest common factor of 10 and j?
5
Let i be (-3)/(3 - 6)*3. Suppose 7*r - 5*r - 60 = 0. Let t be (-372)/(-14) - (1 + r/(-21)). Calculate the highest common factor of t and i.
3
Let o(f) = -f - 28. Let y be o(-14). Let a = 3 - y. What is the greatest common divisor of 34 and a?
17
Let h(k) = k**2 - 6*k + 8. Let q be h(5). Let v(z) = z + 9*z + 2*z + 0*z. Let n be v(2). Calculate the greatest common divisor of q and n.
3
Suppose 6*l = 2*l + 40. Suppose -7*j + l = -2*j. Suppose j*v - 5*d = 4*v - 80, -42 = -v - 2*d. Calculate the greatest common divisor of v and 10.
10
Let q be -8 - (-581 + -11) - 9. Calculate the highest common factor of q and 23.
23
Let x be (8/(-6))/((-28)/945). Calculate the greatest common divisor of x and 18.
9
Let u(h) = h**2 - 38*h + 102. Let m be u(37). Calculate the greatest common factor of 52 and m.
13
Let p(x) = x**3 + 6*x**2 + 4*x + 4. Let o be p(-5). Suppose 3 = 6*d + 33. Let t be -3*(-3)/(-12)*(d - -1). What is the highest common divisor of t and o?
3
Let b(s) = 1 - 4*s - 8*s**2 + 12*s**2 - 1 - 3. Let h be b(4). Let o = 40 + -22. Calculate the greatest common divisor of h and o.
9
Suppose 0 = 5*d - 20*g + 23*g - 537, 4*g = -4. What is the greatest common factor of d and 48?
12
Let c(y) be the second derivative of y**5/10 - y**4/3 + y**3/6 - 247*y + 1. Let d = -8 + 12. Let p be c(d). What is the greatest common factor of 170 and p?
34
Suppose -d + 11 = 1. Calculate the highest common divisor of 130 and d.
10
Let n be (53370/(-81))/(-5) + 2/9. Calculate the highest common divisor of 108 and n.
12
Let l be -9*(-1)/3 - 1. Let m be 8 + -6 + l - -5. What is the highest common factor of m and 63?
9
Suppose 0*l + 5*l + 279 = 4*a, 0 = -a + 5*l + 66. Let o = a - 67. What is the greatest common factor of o and 10?
2
Let k be -8 + 5 - (-1 - 0). Let y = k - -13. Suppose 0 = -10*c + y*c - 77. Calculate the highest common divisor of c and 7.
7
Suppose 8 = -2*k - 66. Let a = k + 38. What is the highest common factor of a and 1?
1
Let p = -1017 - -2727. What is the highest common factor of 9 and p?
9
Let p be 28/(-434) - 6516/(-93). Calculate the highest common factor of p and 200.
10
Suppose -2606 = -20*q - 2346. Suppose 4*k - 175 = 85. Calculate the highest common divisor of q and k.
13
Suppose -2*u + 4*k + 62 = -58, 3*u - 210 = -4*k. Calculate the highest common divisor of u and 18.
6
Let d(h) = -2*h**3 - 4*h**2 - h + 3. Let b be d(-3). Let l be 32/(-20)*(-45)/6. Suppose -x + b = -l. Calculate the greatest common factor of 9 and x.
9
Let k = 269 + -254. Calculate the greatest common factor of 5 and k.
5
Let i(m) = 313*m**3 - 2*m**2 + 15*m - 14. Let h be i(1). Calculate the highest common factor of h and 36.
12
Let l be (-4)/(-14) + (-30)/7. Let n be 88/(-6)*(l + (-65)/10). Calculate the highest common factor of 44 and n.
22
Let j(o) = 6*o**3 - 5*o**2 - 8*o + 31. Let u be j(3). Calculate the greatest common factor of 31 and u.
31
Let z be (-11340)/(-72)*80/3. What is the greatest common factor of z and 42?
42
Let t = -617 + 627. Let s = -101 - -13. Let l be (10/8)/((-1)/s). What is the highest common factor of t and l?
10
Suppose 0 = -5*n - s + 45, 0*n + 3*s + 35 = 2*n. Suppose -3*g - 3*g + 540 = 0. Calculate the highest common divisor of n and g.
10
Let g(c) = -c**3 - c**2 - 3. Let p be g(-2). Let w be (1/4)/(p/52). Calculate the highest common factor of w and 65.
13
Let s be -4 + -3 + (-1 - -4). Let m be s + 3/((-12)/(-356)). Calculate the greatest common factor of 34 and m.
17
Let k(t) = -135*t**3 - t**2. Let o be k(-1). Let n be (o/(-4))/((-2)/4). Suppose 0 = 4*i - n - 25. Calculate the greatest common factor of 46 and i.
23
Let o be -4*((-476)/8)/7. Suppose -2*f - 59 = -3*m, -5*f = -119*m + 114*m + 105. What is the highest common factor of m and o?
17
Suppose 4*f - 8 - 8 = 0. Suppose 10 = -2*a + f*a. Suppose 0 = a*h - 2*h - 45. What is the highest common divisor of 165 and h?
15
Let c = 490 + -368. Calculate the highest common divisor of c and 427.
61
Suppose -15 = -3*q - 0*q, -1140 = -5*d + 3*q. Let g = 336 - d. Suppose 2*f - 4*f = -30. Calculate the highest common factor of g and f.
15
Suppose n - 1368 = -11*n. Let g = n + -98. What is the greatest common divisor of 128 and g?
16
Suppose -2*f - 10 = -16. Suppose f*c - 128 = c.